mon factor of 44 and 15719.
11
Calculate the greatest common divisor of 4082 and 26.
26
What is the greatest common factor of 189 and 2247?
21
Calculate the highest common divisor of 7099 and 217.
31
Calculate the greatest common factor of 4 and 172.
4
What is the highest common factor of 104 and 143?
13
What is the greatest common divisor of 2432 and 32?
32
What is the highest common divisor of 11 and 8019?
11
Calculate the greatest common factor of 45 and 1815.
15
What is the greatest common divisor of 4876 and 106?
106
Calculate the greatest common divisor of 1004 and 16.
4
Calculate the highest common divisor of 30 and 5070.
30
What is the highest common factor of 29 and 261?
29
What is the highest common factor of 388 and 8439?
97
Calculate the highest common divisor of 1476 and 615.
123
Calculate the greatest common divisor of 9990 and 90.
90
What is the greatest common divisor of 65 and 5?
5
Calculate the highest common factor of 1313 and 101.
101
What is the greatest common divisor of 44443 and 49?
49
What is the greatest common factor of 96 and 1536?
96
What is the highest common divisor of 17830 and 30?
10
Calculate the greatest common factor of 285 and 95.
95
What is the greatest common divisor of 220 and 480?
20
What is the greatest common factor of 65 and 117?
13
Calculate the highest common factor of 48 and 192.
48
Calculate the highest common divisor of 441 and 6111.
63
Calculate the highest common factor of 90 and 180.
90
Calculate the highest common divisor of 3509 and 10208.
319
Calculate the highest common divisor of 96 and 432.
48
What is the greatest common divisor of 16 and 28?
4
Calculate the greatest common divisor of 539 and 1911.
49
What is the greatest common factor of 224 and 42?
14
What is the greatest common divisor of 4 and 1556?
4
Calculate the greatest common divisor of 81 and 8343.
81
Calculate the highest common divisor of 23 and 1909.
23
What is the highest common factor of 14 and 2674?
14
What is the highest common divisor of 3536 and 102?
34
Calculate the greatest common divisor of 4 and 100.
4
Calculate the greatest common factor of 42 and 105.
21
What is the greatest common divisor of 160 and 5?
5
Calculate the greatest common divisor of 265 and 2438.
53
Calculate the greatest common divisor of 48 and 20784.
48
Calculate the greatest common divisor of 471 and 1256.
157
Calculate the greatest common factor of 57 and 209.
19
What is the greatest common factor of 378 and 210?
42
Calculate the highest common divisor of 128 and 5536.
32
What is the highest common factor of 4 and 9524?
4
What is the greatest common divisor of 48356 and 308?
308
Calculate the greatest common factor of 12 and 700.
4
Calculate the greatest common divisor of 17 and 2567.
17
Calculate the greatest common factor of 404 and 12.
4
Calculate the highest common divisor of 1342 and 793.
61
Calculate the greatest common divisor of 2290 and 7328.
458
What is the greatest common factor of 5250 and 120?
30
What is the highest common divisor of 304 and 5434?
38
Calculate the highest common divisor of 702 and 54.
54
Calculate the highest common divisor of 1692 and 54.
18
Calculate the greatest common divisor of 50 and 3700.
50
Calculate the highest common divisor of 629 and 851.
37
What is the highest common divisor of 11 and 979?
11
Calculate the greatest common divisor of 5 and 53365.
5
Calculate the greatest common divisor of 2223 and 156.
39
What is the highest common divisor of 3267 and 33?
33
Calculate the highest common divisor of 36 and 6606.
18
What is the greatest common factor of 196 and 3136?
196
Calculate the highest common factor of 10044 and 36.
36
What is the highest common divisor of 53 and 33920?
53
What is the greatest common divisor of 32 and 24?
8
Calculate the greatest common divisor of 55 and 2750.
55
Calculate the highest common divisor of 132 and 1116.
12
What is the greatest common divisor of 408 and 18?
6
Calculate the greatest common factor of 43 and 2881.
43
What is the highest common factor of 98 and 42?
14
Calculate the highest common factor of 580 and 522.
58
What is the highest common factor of 1498 and 63?
7
Calculate the highest common factor of 49 and 882.
49
What is the greatest common factor of 925 and 325?
25
What is the highest common divisor of 14 and 189?
7
What is the highest common divisor of 13 and 1040?
13
Calculate the highest common factor of 4 and 13.
1
Calculate the highest common divisor of 16 and 7768.
8
What is the greatest common factor of 28 and 546?
14
What is the greatest common divisor of 1161 and 81?
27
Calculate the highest common divisor of 1980 and 11.
11
What is the greatest common factor of 46 and 207?
23
Calculate the greatest common divisor of 106 and 371.
53
What is the greatest common divisor of 249 and 415?
83
Calculate the highest common factor of 246 and 18.
6
Calculate the highest common factor of 15 and 435.
15
Calculate the greatest common factor of 78 and 2444.
26
What is the greatest common factor of 715 and 275?
55
Calculate the highest common factor of 66 and 342.
6
Calculate the highest common factor of 330 and 825.
165
What is the greatest common divisor of 1008 and 48?
48
What is the highest common factor of 5442 and 6?
6
Calculate the highest common divisor of 7905 and 62.
31
What is the highest common factor of 18 and 954?
18
Calculate the greatest common factor of 50 and 285.
5
Calculate the highest common divisor of 235 and 5.
5
Calculate the highest common factor of 105 and 91.
7
What is the greatest common factor of 952 and 2516?
68
What is the greatest common divisor of 1853 and 85?
17
What is the highest common divisor of 494 and 2?
2
What is the greatest common factor of 56 and 24?
8
What is the highest common factor of 187 and 22?
11
Calculate the highest common factor of 231 and 861.
21
Calculate the greatest common factor of 41 and 1107.
41
Calculate the greatest common divisor of 32 and 144.
16
What is the greatest common divisor of 171 and 36?
9
What is the highest common divisor of 330 and 375?
15
Calculate the highest common factor of 75 and 195.
15
What is the highest common divisor of 176 and 1188?
44
Calculate the highest common factor of 118 and 472.
118
Calculate the greatest common factor of 18164 and 19.
19
What is the greatest common factor of 39 and 4173?
39
What is the highest common factor of 12052 and 736?
92
What is the highest common factor of 14 and 448?
14
What is the greatest common divisor of 92 and 4393?
23
What is the highest common factor of 192 and 336?
48
Calculate the greatest common factor of 666 and 63.
9
What is the highest common divisor of 9 and 396?
9
Calculate the highest common divisor of 988 and 104.
52
Calculate the greatest common factor of 99 and 10494.
99
What is the greatest common divisor of 147 and 539?
49
Calculate the highest common factor of 36 and 207.
9
What is the greatest common divisor of 73 and 73?
73
What is the highest common factor of 19 and 323?
19
Calculate the highest common factor of 4 and 158.
2
Calculate the greatest common factor of 196 and 16807.
49
Calculate the greatest common divisor of 16 and 72.
8
What is the highest common factor of 1850 and 74?
74
Calculate the highest common factor of 294 and 4655.
49
Calculate the highest common divisor of 146 and 9782.
146
Calculate the highest common factor of 4883 and 209.
19
What is the greatest common factor of 30 and 36?
6
Calculate the highest common divisor of 28 and 532.
28
Calculate the greatest common factor of 3 and 344.
1
Calculate the greatest common factor of 19 and 2489.
19
What is the highest common divisor of 525 and 21?
21
Calculate the greatest common divisor of 240 and 195.
15
Calculate the highest common divisor of 747 and 3154.
83
Calculate the greatest common factor of 70 and 175.
35
Calculate the highest common factor of 35 and 1120.
35
Calculate the greatest common divisor of 40 and 6010.
10
Calculate the highest common factor of 574 and 410.
82
What is the highest common factor of 17 and 17?
17
What is the highest common divisor of 1090 and 20?
10
What is the highest common divisor of 108 and 378?
54
What is the greatest common divisor of 190 and 350?
10
What is the highest common divisor of 36 and 198?
18
What is t